Let u = -25 - -16. Let s = -8 - u. Suppose -f = -m - s, 0*m - 5*f = -2*m - 14. Calculate the greatest common factor of m and 21.
3
Suppose l + 2*z = -3*z - 13, 2*z = 5*l - 16. Suppose q + 248 = l*q. What is the greatest common factor of 31 and q?
31
Let k(u) = -2*u**3 - u**2 - u. Let x be k(-1). Suppose -6*l - 4*q - x = -5*l, -l + 5*q + 43 = 0. What is the greatest common divisor of l and 54?
18
Let b be (-18)/2*14/(-42). Let i be 2/b*(-42)/(-7). What is the highest common factor of 6 and i?
2
Let h(p) = -2*p**3 + 2*p**2 - 4*p + 8. Let f be h(0). Calculate the highest common factor of 216 and f.
8
Let r(h) = 25*h - 62. Let j be r(5). Suppose -k - j = -81. Let t be 17 + (0 + -2)/(-2). What is the highest common factor of k and t?
18
Let r = -129 + 132. What is the highest common factor of 192 and r?
3
Suppose -3*r + 169 = 4*u, 2*u - 3*u + 43 = r. What is the greatest common factor of u and 640?
40
Suppose 9178 = 42*l - 2834. What is the highest common factor of 1287 and l?
143
Let c = -139 - -200. Calculate the highest common factor of 671 and c.
61
Let v be (3/(-2))/(3/192*-4). What is the greatest common factor of v and 336?
24
Let o = 10 + -6. Suppose 5*c + 161 = 4*l, 2*l - 3*c = -3*l + 198. Let s = 75 - l. What is the highest common factor of s and o?
4
Suppose 5*g = -1358 + 4348. Calculate the highest common divisor of 26 and g.
26
Let v be 1250/22 - 2/(-11). Let a = -32 + v. Suppose 0 = 27*o - 30*o - i + 155, 0 = -i + 5. What is the highest common factor of a and o?
25
Suppose 5*h - 11*h + 168 = 0. Calculate the highest common divisor of 56 and h.
28
Suppose -f - 3*f - 4 = 0. Let z be (-3 - -11)/(f/(-4)). Let w(b) = 4*b + 36. Let t be w(-7). Calculate the greatest common factor of z and t.
8
Suppose 0 = -3*c + 2*t + 85, -3*c = c + 3*t - 85. Let a = 3 + c. Calculate the greatest common divisor of 42 and a.
14
Suppose 2*y + 22 = 230. Let o = y - 58. What is the greatest common factor of o and 115?
23
Let a = 134 - 450. Let c = -176 - a. What is the highest common factor of 20 and c?
20
Let h(z) = z + 11. Let i be h(-11). Suppose y - 1 = i, -2*b + 4 + 14 = 4*y. Let r be (14/(-5))/(13/(-130)). What is the greatest common divisor of b and r?
7
Let k(s) = 10*s**2 - 9*s + 46. Let c be k(6). Calculate the highest common factor of 264 and c.
88
Let u(h) = 2*h + 2. Let q be u(-1). Let p be q + 1 - (-3)/3. Let f = 8 + -5. What is the greatest common factor of p and f?
1
Let c = -20 - -40. Calculate the highest common divisor of 260 and c.
20
Suppose 0 = -c - 4*x - 19, 3*x = 4*c + 7*x + 28. Let z be c*(-1 - 93/9). What is the highest common factor of z and 204?
34
Let l(g) = 4*g**3 - 3 - 3*g**2 - 6*g - 2*g + 2*g**3 - 5*g**3. Let n be l(6). Let f = -52 - -90. Calculate the greatest common factor of n and f.
19
Let u(j) = j + 8. Let r be u(3). What is the highest common divisor of r and 11?
11
Let j(a) = 2*a**2 + 11*a - 4. Suppose -3*f - 32 = f. Let o be j(f). What is the greatest common divisor of 108 and o?
36
Let v(f) = -4 + 5*f + 3*f**3 - 4*f**3 + 2*f**3. Let a be v(4). Let s(n) = -n**2 + 9*n + 168. Let w be s(17). What is the greatest common factor of w and a?
16
Suppose -4*o = -2*p - 74, -126*o - 38 = -129*o + 5*p. Calculate the greatest common divisor of o and 357.
21
Let z(v) = v**2 + 2*v + 2. Let k be z(-3). Suppose 0*s - k = -s. Let b be 5282/152 + 1/4. What is the highest common factor of b and s?
5
Let y be (-152)/(-32)*(-3 + 7). What is the highest common divisor of y and 171?
19
Let v be (1 + (-1)/4)/((-16)/320). Let h be 104/12*(-1)/2*v. Calculate the highest common factor of h and 26.
13
Suppose -11 - 19 = -3*s. Let f = 5 - 1. Suppose -2*d = p - 24, -3*p + 54 = -7*d + f*d. Calculate the highest common factor of s and p.
10
Suppose -3*c + c = -30. Suppose 4*g - 52 = -2*d, c = 2*d + 2*g - 31. Let r(l) = -l + 1. Let a be r(-4). What is the highest common divisor of d and a?
5
Let b = 513 - 489. What is the greatest common factor of 648 and b?
24
Let j(p) = p**2 - 12*p + 2. Let f be j(13). What is the highest common factor of 345 and f?
15
Suppose -2*d - 4*x = -6, -4 - 1 = -d - 4*x. Suppose 3*f + d = -2. Let c(a) = -138*a - 2. Let k be c(f). Calculate the greatest common factor of 17 and k.
17
Let t be ((22/3)/1)/((-5)/(-315)). Let q be 5/((-10)/(-84)) - 0. What is the highest common factor of t and q?
42
Let m be -1 - ((1 - 10) + 0). Suppose 4*q - 192 = 2*z + 194, 3*q + 5*z = 309. Suppose 4*a + 66 = q. What is the greatest common factor of m and a?
8
Let g = -7 - -14. Let t = -3 - g. Let s(f) = -f**3 - 10*f**2 - 2*f - 11. Let w be s(t). What is the greatest common factor of 6 and w?
3
Suppose 15*t = 16*t - 18. Suppose -4*b = -l + 62 + 20, 5*b = 10. Calculate the greatest common factor of l and t.
18
Let x be 636/(-8)*(1 + -3). Suppose 39 = -3*z + x. Calculate the highest common factor of z and 8.
8
Let h be 40/(-8)*(-1 - 3/3). Let i(r) be the first derivative of -r**2/2 + 12*r + 1. Let o be i(h). Calculate the greatest common factor of 22 and o.
2
Let q = 837 + -718. Calculate the highest common factor of q and 126.
7
Suppose -92*k + 94*k - 48 = 0. Suppose 4*p - p - 576 = 0. Calculate the highest common factor of k and p.
24
Suppose 4*j - 9407 = -q, 145*j - 2*q - 2354 = 144*j. What is the highest common factor of 84 and j?
84
Suppose -4*q + 32 = 4*p, 0 = 2*q - 5*q - 4*p + 28. Let y = 2 + q. What is the greatest common factor of 54 and y?
6
Let s be 598/(-6) + 6/9. Let m = -42 - s. Suppose l + 2*l = 114. What is the highest common divisor of l and m?
19
Let o(p) = 7*p**2 - 13*p - 14. Let u be o(5). What is the greatest common divisor of 32 and u?
32
Let x = -159 - -172. Suppose -4*a = 5*f - 146, 4*a - 212 + 54 = f. Calculate the greatest common factor of x and a.
13
Suppose 143*l - 142*l = 2*a - 237, -5*l - 132 = -a. Let g = -3 - -5. Let n be (g/(-6))/(3/(-117)). Calculate the greatest common factor of n and a.
13
Let w(h) be the first derivative of -h**2 - 8*h + 3. Let a be w(-7). Let j = a + -1. What is the highest common divisor of j and 5?
5
Let r(c) = -c. Let d(k) = 5*k + 6. Let t(s) = d(s) + 4*r(s). Let j be t(-10). Let h be j/10 + 470/50. What is the greatest common factor of 81 and h?
9
Let y(g) = -11 + g + 27 + g**2 - 13. Let d be y(-5). Let h(u) = 7*u**2 + 6. Let v be h(3). What is the highest common factor of d and v?
23
Let l(y) = -168*y. Let m be l(-1). Suppose -9*t = -t - m. What is the highest common factor of 42 and t?
21
Let c = 96 - 82. Let q be (0 - 2)/(1/(-56)). Calculate the highest common factor of c and q.
14
Suppose -k - 9*q = -8*q - 73, 15 = 3*q. What is the highest common factor of 8 and k?
4
Let c(x) = -x**3 - 16*x**2 + 2*x + 17. Let y be c(-16). Let z be (-267)/y + (2/5)/2. Calculate the highest common divisor of z and 12.
6
Suppose 0 = 2*s + 6*s - 1312. Calculate the greatest common divisor of 123 and s.
41
Let u(k) = -k**2 - 6*k. Let r be u(-5). Let d(v) = -v**3 + 7*v**2 - 6*v + 2. Let j be d(r). What is the greatest common divisor of j and 242?
22
Let u(y) = y**3 - 4*y**2 - 11*y - 16. Let p be u(10). Calculate the highest common factor of p and 12.
6
Let u = 0 - -14. Suppose -3*m = 5*z - 779, 0 = 3*m - 3*z + 2*z - 791. Let p = m + -109. Calculate the greatest common divisor of u and p.
14
Let d = 44 + 21. Suppose -d = -3*a - 2*a. Let h = -704 + 730. Calculate the highest common divisor of h and a.
13
Let w(g) = -g**3 + 5*g**2 + 12*g - 20. Let j be (4/3)/(26/117). Let d be w(j). What is the highest common factor of 2 and d?
2
Suppose 2*o - 40*o + 7904 = 0. What is the greatest common factor of 2 and o?
2
Let a be (-14)/(-3)*342/133. Calculate the greatest common divisor of a and 324.
12
Let w = -52 + 108. Let j = 8 - 2. Let p be j/8 - 87/(-12). What is the greatest common divisor of p and w?
8
Suppose 4*p + 12 - 123 = 3*z, 0 = -2*p - 4*z + 28. Suppose -4*v + p = -56. Let m(x) = 2*x - 12. Let q be m(8). Calculate the greatest common divisor of v and q.
4
Let w = 501 + -413. Suppose 26 = 4*j - 6. What is the greatest common factor of w and j?
8
Let i(j) = j + 22. Let h be -5 + ((-3)/3 - 0). Let k be i(h). Let r(q) = 3*q**2 - 3. Let w be r(3). What is the highest common divisor of w and k?
8
Let s(t) = -t**2 - 28*t - 81. Let y be s(-15). What is the greatest common divisor of y and 266?
38
Suppose -6*t + 2*f 